{"id":21,"date":"2011-02-28T22:35:26","date_gmt":"2011-02-28T22:35:26","guid":{"rendered":"http:\/\/www.danielmendelsohn.com\/francaise\/?page_id=21"},"modified":"2020-09-11T15:30:38","modified_gmt":"2020-09-11T15:30:38","slug":"a-propos-de-l%e2%80%99auteur","status":"publish","type":"page","link":"https:\/\/www.danielmendelsohn.com\/francaise\/a-propos-de-l%e2%80%99auteur","title":{"rendered":"A propos de l\u2019auteur"},"content":{"rendered":"<p><img loading=\"lazy\" decoding=\"async\" src=\"http:\/\/www.danielmendelsohn.com\/spacer.png\" width=\"350\" height=\"25\" style=\"margin: 0px;\"\/><\/p>\n<table width=\"835\" border=\"0\" cellspacing=\"0\" cellpadding=\"0\">\n<tr>\n<td width=\"113\" valign=\"top\">&nbsp;<\/td>\n<td width=\"609\" valign=\"top\">\n<div class=\"box\">\n<p><img loading=\"lazy\" decoding=\"async\" src=\"https:\/\/www.danielmendelsohn.com\/DAM2017B&#038;W.png\" alt=\"\" title=\"DanielMendelsohn\" width=\"275\" height=\"360\" class=\"picleft\" style=\"margin-right:20px; margin-bottom:10px;\"\/>Daniel Mendelsohn est \u00e9crivain, essayiste, traducteur et critique, dont l&#8217;\u0153uvre a re\u00e7u de nombreux prix. N\u00e9 \u00e0 New York en 1960, il a fait ses \u00e9tudes \u00e0 l&#8217;Universit\u00e9 de Virginie et \u00e0 Princeton, o\u00f9 il a soutenu sa th\u00e8se de lettres classiques en 1994. Ses premi\u00e8res critiques et ses premiers essais sur des questions litt\u00e9raires et culturelles paraissent en 1991, et il a depuis \u00e9crit pour de nombreux journaux, notamment pour <em>le New Yorker<\/em> et <em>la New York Review of Books<\/em>, o\u00f9 en 2019 il est nomm\u00e9 &#8220;Editor-at-Large.&#8221;<\/p>\n<p>Il est l&#8217;auteur des bestsellers internationaux <em>An Odyssey<\/em> (<em>Une Odyss\u00e9e<\/em>, Flammarion 2017, Prix M\u00e9diterran\u00e9e \u00c9tranger 2018) et <em>The Lost<\/em> (<em>Les Disparus<\/em>, Flammarion 2009, Prix M\u00e9dicis Etranger), celui-ci couronn\u00e9 par de nombreux prix internationaux; de <em>The Elusive Embrace<\/em> (1999, <em>L&#8217;Etreinte fugitive<\/em>, Flammarion, 2009), qui figure sur la liste des meilleurs livres de l&#8217;ann\u00e9e 1999 du <em>Los Angeles Time<\/em>; d&#8217;une \u00e9tude universitaire sur la trag\u00e9die grecque, <em>Gender and the City in Euripides&#8217; Political Plays<\/em> (Oxford University Press, 2002), et de trois recueils d&#8217;essais critiques, y inclus <em>How Beautiful It Is and How Easily it Can be Broken<\/em> (<em>Si beau, si fragile<\/em>, Flammarion 2011), s\u00e9lectionn\u00e9 parmi les meilleurs livres de 2008 par <em>Publishers Weekly<\/em>. On lui doit aussi une traduction en deux volumes des \u0153uvres compl\u00e8tes de Constantin Cavafy, salu\u00e9e par la critique et retenue sur la liste des meilleurs livres de l&#8217;ann\u00e9e 2009 de <em>Publishers Weekly<\/em>. <em>Three Rings<\/em> (<em>Trois anneaux<\/em>, Flammarion 2020), sorti en septembre 2020, est son 10e livre.<\/p>\n<p>Daniel Mendelsohn a re\u00e7u de nombreuses distinctions\u00a0: titulaire d&#8217;une bourse Guggenheim, prim\u00e9 aux Etats-Unis pour ses critiques litt\u00e9raires et dramatiques, <em>The Economist<\/em> l&#8217;a \u00e9lu en 2008 parmi les meilleurs critiques de langue anglaise. Il occupe depuis 2006 la chaire Charles Ranlett Flint en lettres \u00e0 Bard College. Il vit dans son r\u00e9sidence de la vall\u00e9e de l&#8217;Hudson <\/p>\n<p>Daniel Mendelsohn a une affinit\u00e9 toute particuli\u00e8re pour la France et sa culture, et lit toujours beaucoup de litt\u00e9rature fran\u00e7aise \u2013 en particulier les \u00e9crivains du XVIIe et du XIXe si\u00e8cles. Il se rend souvent en France, o\u00f9 ses livres connaissent leur plus grand succ\u00e8s commercial et critique.<\/p>\n<\/p><\/div>\n<\/td>\n<td width=\"113\" valign=\"top\">&nbsp;<\/td>\n<\/tr>\n<\/table>\n<p><img loading=\"lazy\" decoding=\"async\" src=\"http:\/\/www.danielmendelsohn.com\/spacer.png\" width=\"350\" height=\"25\" style=\"margin: 0px;\"\/><\/p>\n","protected":false},"excerpt":{"rendered":"<p>&nbsp; Daniel Mendelsohn est \u00e9crivain, essayiste, traducteur et critique, dont l&#8217;\u0153uvre a re\u00e7u de nombreux prix. N\u00e9 \u00e0 New York en 1960, il a fait ses \u00e9tudes \u00e0 l&#8217;Universit\u00e9 de Virginie et \u00e0 Princeton, o\u00f9 il a soutenu sa th\u00e8se de lettres classiques en 1994. Ses premi\u00e8res critiques et ses premiers essais sur des questions [&hellip;]<\/p>\n","protected":false},"author":1,"featured_media":0,"parent":0,"menu_order":0,"comment_status":"closed","ping_status":"open","template":"onecolumn-page.php","meta":{"footnotes":""},"class_list":["post-21","page","type-page","status-publish","hentry"],"_links":{"self":[{"href":"https:\/\/www.danielmendelsohn.com\/francaise\/wp-json\/wp\/v2\/pages\/21","targetHints":{"allow":["GET"]}}],"collection":[{"href":"https:\/\/www.danielmendelsohn.com\/francaise\/wp-json\/wp\/v2\/pages"}],"about":[{"href":"https:\/\/www.danielmendelsohn.com\/francaise\/wp-json\/wp\/v2\/types\/page"}],"author":[{"embeddable":true,"href":"https:\/\/www.danielmendelsohn.com\/francaise\/wp-json\/wp\/v2\/users\/1"}],"replies":[{"embeddable":true,"href":"https:\/\/www.danielmendelsohn.com\/francaise\/wp-json\/wp\/v2\/comments?post=21"}],"version-history":[{"count":24,"href":"https:\/\/www.danielmendelsohn.com\/francaise\/wp-json\/wp\/v2\/pages\/21\/revisions"}],"predecessor-version":[{"id":491,"href":"https:\/\/www.danielmendelsohn.com\/francaise\/wp-json\/wp\/v2\/pages\/21\/revisions\/491"}],"wp:attachment":[{"href":"https:\/\/www.danielmendelsohn.com\/francaise\/wp-json\/wp\/v2\/media?parent=21"}],"curies":[{"name":"wp","href":"https:\/\/api.w.org\/{rel}","templated":true}]}}