{"id":42,"date":"2011-02-28T22:49:32","date_gmt":"2011-02-28T22:49:32","guid":{"rendered":"http:\/\/www.danielmendelsohn.com\/francaise\/?page_id=42"},"modified":"2020-09-08T22:14:47","modified_gmt":"2020-09-08T22:14:47","slug":"l%e2%80%99etreinte-fugitive","status":"publish","type":"page","link":"https:\/\/www.danielmendelsohn.com\/francaise\/livres\/l%e2%80%99etreinte-fugitive","title":{"rendered":"L\u2019\u00c9treinte fugitive"},"content":{"rendered":"<div class=\"boxplain\">\n<table border=\"0\" cellspacing=\"0\" cellpadding=\"0\" width=\"835\">\n<tbody>\n<tr>\n<td width=\"30\" valign=\"top\"><\/td>\n<td width=\"275\" valign=\"top\"><img loading=\"lazy\" decoding=\"async\" class=\"alignleft size-full wp-image-94\" style=\"margin: 0px;\" title=\"cover_the-lost\" src=\"http:\/\/www.danielmendelsohn.com\/Etreinte pb cover.jpg\" alt=\"The Lost\" width=\"275\" height=\"443\" \/><\/p>\n<div id=\"divright\">\n<span class=\"smalltextright\">FLAMMARION, 2009<br \/>\n<span class=\"smalltextright\">J&#8217;AI LU, 2011<\/span><\/div>\n<p><img loading=\"lazy\" decoding=\"async\" src=\"http:\/\/www.danielmendelsohn.com\/spacer.png\" width=\"275\" height=\"5\" style=\"margin: 0px;\"\/><br \/>\n<a href=\"http:\/\/www.alapage.com\/m\/ps\/mpid:MP-4FF45M5260184#moid:MO-4FF45M8122269\"><img loading=\"lazy\" decoding=\"async\" class=\"alignleft size-full wp-image-95\" style=\"margin: 0px;\" title=\"book_nav_description\" src=\"http:\/\/www.danielmendelsohn.com\/book_nav_fr_01.jpg\" alt=\"\" width=\"275\" height=\"32\" \/><\/a><br \/>\n<a href=\"http:\/\/www.amazon.fr\/L\u00e9treinte-fugitive-Daniel-Mendelsohn\/dp\/2290030449\/ref=sr_1_1?ie=UTF8&#038;s=books&#038;qid=1299018505&#038;sr=8-1\"><img loading=\"lazy\" decoding=\"async\" class=\"alignleft size-full wp-image-97\" style=\"margin: 0px;\" title=\"book_nav_praise\" src=\"http:\/\/www.danielmendelsohn.com\/book_nav_fr_02.jpg\" alt=\"\" width=\"275\" height=\"32\" \/><\/a><br \/>\n<a href=\"http:\/\/livre.fnac.com\/a3404186\/Daniel-Mendelsohn-L-etreinte-fugitive\"><img loading=\"lazy\" decoding=\"async\" class=\"alignleft size-full wp-image-97\" style=\"margin: 0px;\" title=\"book_nav_praise\" src=\"http:\/\/www.danielmendelsohn.com\/book_nav_fr_03.jpg\" alt=\"\" width=\"275\" height=\"32\" \/><\/a>\n<\/td>\n<td width=\"31\" valign=\"top\"><\/td>\n<td width=\"469\" valign=\"top\">\n<span class=\"title\">L&#8217;\u00c9TREINTE FUGITIVE<\/span><br \/>\n<img loading=\"lazy\" decoding=\"async\" style=\"margin: 0px;\" src=\"http:\/\/www.danielmendelsohn.com\/spacer.png\" alt=\"\" width=\"429\" height=\"20\" \/><br \/>\n<span class=\"subtext\"><em>traduit de l&#8217;am\u00e9ricain par Pierre Guglielmina<\/em><\/span><br \/>\n<img loading=\"lazy\" decoding=\"async\" style=\"margin: 0px;\" src=\"http:\/\/www.danielmendelsohn.com\/spacer.png\" alt=\"\" width=\"429\" height=\"20\" \/><\/p>\n<p>Dans <em>Les Disparus<\/em>, Daniel Mendelsohn partait en qu\u00eate de l&#8217;histoire de sa famille ; avec <em>L&#8217;\u00c9treinte fugitive<\/em>, il s&#8217;est livr\u00e9 \u00e0 une qu\u00eate infiniment plus intime. De l&#8217;\u00e9criture rhapsodique et classique qui est la sienne, il fait revivre son enfance entre sa m\u00e8re, \u00ab l&#8217;institutrice \u00bb, la toute-belle, et son p\u00e8re, \u00ab le math\u00e9maticien \u00bb, celui qui r\u00e9pare, construit et se collette aux choses ; une enfance peupl\u00e9e d&#8217;\u00eatres, fr\u00e8res et soeurs, parents juifs \u00e2g\u00e9s, avec, au centre, son grand-p\u00e8re, ce dandy myst\u00e9rieux et raconteur d&#8217;histoires. C&#8217;est pendant ses ann\u00e9es d&#8217;\u00e9tudiant dans l&#8217;exotique Sud am\u00e9ricain que le jeune homme se d\u00e9couvre une passion jumel\u00e9e pour les langues anciennes et les beaux gar\u00e7ons. D\u00e8s lors, la recherche de la \u00ab grammaire de son identit\u00e9 \u00bb, de ce que veut dire \u00eatre un homme, suivra des m\u00e9andres surprenants, bouleversants. Car, lorsqu&#8217;une amie lui propose d&#8217;incarner une \u00ab figure paternelle \u00bb aupr\u00e8s de l&#8217;enfant qu&#8217;elle porte, il accepte et se prend \u00e0 s&#8217;attacher si fort \u00e0 lui qu&#8217;il va, petit \u00e0 petit, partager sa vie entre Chelsea, le quartier o\u00f9 vivent les \u00ab gar\u00e7ons \u00bb de New York, et la banlieue o\u00f9 habitent son amie et leur petit gar\u00e7on.<\/p>\n<p>Comme <em>Les Disparus<\/em>, ce r\u00e9cit r\u00e9verb\u00e8re l&#8217;\u00e9cho de textes antiques \u2013 ici, des po\u00e8mes latins et des trag\u00e9dies grecques \u2013 et renferme un secret de famille lancinant, dont le lecteur n&#8217;aura la cl\u00e9 que dans les derni\u00e8res pages du livre, apr\u00e8s avoir, avec Daniel Mendelsohn, rendu visite \u00e0 des tombes d\u00e9sert\u00e9es et d\u00e9chiffr\u00e9 des \u00e9pitaphes menteuses.<\/p>\n<p><img loading=\"lazy\" decoding=\"async\" src=\"http:\/\/www.danielmendelsohn.com\/spacer.png\" width=\"429\" height=\"30\" style=\"margin: 0px;\"\/><\/p>\n<p><span class=\"subtitle\">PRESSE<\/span><\/p>\n<p><img loading=\"lazy\" decoding=\"async\" src=\"http:\/\/www.danielmendelsohn.com\/spacer.png\" width=\"429\" height=\"20\" style=\"margin: 0px;\"\/><\/p>\n<p>\u00ab\u00a0Des pages \u00e9blouissantes d&#8217;intelligence.\u00a0\u00bb<br \/>\n<span class=\"attrib\">\u2014Joseph Mac\u00e9-Scaron, <em>Marianne<\/em><\/span><\/p>\n<p><img loading=\"lazy\" decoding=\"async\" src=\"http:\/\/www.danielmendelsohn.com\/spacer.png\" width=\"429\" height=\"10\" style=\"margin: 0px;\"\/><\/p>\n<p><em>L&#8217;\u00c9treinte fugitive<\/em> est un livre composite, brillant, attachant, diff\u00e9rent des Disparus mais en rien inf\u00e9rieur\u2026Mendelsohn est un conteur hors pair.<br \/>\n<span class=\"attrib\">\u2014<em>Livre Hebdo<\/em><\/span><\/p>\n<p><img loading=\"lazy\" decoding=\"async\" src=\"http:\/\/www.danielmendelsohn.com\/spacer.png\" width=\"429\" height=\"10\" style=\"margin: 0px;\"\/><\/p>\n<p>Inclassable et passionant.  Loin d&#8217;un \u00e9ni\u00e8me document sur l&#8217;homparentalit\u00e9 pour \u00e9mission de societ\u00e9\u2026s&#8217;il d\u00e9crit avec finesse les moeurs homosexuelles de New York et confie ses amours avec des gar\u00e7ons, cet aristot\u00e9licien revendiqu\u00e9 int\u00e8gre dans l&#8217;autobiographie toute sa connaissance de l&#8217;Antiquit\u00e9.  Il en tire une r\u00e9flexion tout en finesse sur la beaut\u00e9, l&#8217;alterit\u00e9, le temps, le d\u00e9sir, l&#8217;\u00e9ducation ou la famille.<br \/>\n<span class=\"attrib\">\u2014Baptiste Liger, <em>LIRE<\/em><\/span><\/p>\n<p><img loading=\"lazy\" decoding=\"async\" src=\"http:\/\/www.danielmendelsohn.com\/spacer.png\" width=\"429\" height=\"10\" style=\"margin: 0px;\"\/><\/p>\n<p>Une merveilleuse aptitude du livre est son art de la formulation br\u00e8ve, son \u00e9loquence ramass\u00e9e\u2026Tous ces p\u00f4les affectifs vont s&#8217;agencer sur une ligne elliptique: \u00e0 la continuit\u00e9 narrative, <em>L&#8217;\u00c9treinte fugitive<\/em> oppose un art de la d\u00e9liaison, fait de pure r\u00e9cit (la prise de conscience d&#8217;une sexualit\u00e9, l&#8217;\u00e9ducation sentimentale, les pratiques gays de Chelsea) et de r\u00e9flexivit\u00e9 \u00e0 la fois psy et savante\u2026.L&#8217;imaginaire gay et la connaissance des mythes r\u00e9pondent \u00e0 une seule et m\u00eame \u00e9rotique, qui fa\u00e7onne un lieu\u2014celui du livre\u2014o\u00f9 les statues grecs et &quot;jolis gar\u00e7ons&quot; se prom\u00e8nent main dans la main.  <em>L&#8217;\u00c9treinte fugitive<\/em> est celle, rendue possible, entre ces deux mondes.  Elle est aussi ce mouvement r\u00e9p\u00e9t\u00e9 d&#8217;amours \u00e9ph\u00e9m\u00e8res\u2026Son issue est une dissolution de l&#8217;autre dans le m\u00eame: l&#8217;alt\u00e9rit\u00e9 interdite, au profit d&#8217;une profonde connassiance de soi.<br \/>\n<span class=\"attrib\">\u2014<em>Les Introckuptibles<\/em><\/span><\/p>\n<p><img loading=\"lazy\" decoding=\"async\" src=\"http:\/\/www.danielmendelsohn.com\/spacer.png\" width=\"429\" height=\"10\" style=\"margin: 0px;\"\/><\/p>\n<p>Loin de tout t\u00e9moignage sensationnaliste, cet hell\u00e9niste \u00e9rudit entame une passionante et brillante m\u00e9ditation intime, entrecoup\u00e9e de digressions sur la mythologie antique.<br \/>\n<span class=\"attrib\">\u2014<em>Direct Matin Plus<\/em> (Belgique)<\/span><\/p>\n<p><img loading=\"lazy\" decoding=\"async\" src=\"http:\/\/www.danielmendelsohn.com\/spacer.png\" width=\"429\" height=\"10\" style=\"margin: 0px;\"\/><\/p>\n<\/td>\n<td width=\"30\" valign=\"top\"><\/td>\n<\/tr>\n<\/tbody>\n<\/table>\n<\/div>\n<p><img loading=\"lazy\" decoding=\"async\" src=\"http:\/\/www.danielmendelsohn.com\/spacer.png\" width=\"350\" height=\"25\" style=\"margin: 0px;\"\/> <\/p>\n","protected":false},"excerpt":{"rendered":"<p>FLAMMARION, 2009 J&#8217;AI LU, 2011 L&#8217;\u00c9TREINTE FUGITIVE traduit de l&#8217;am\u00e9ricain par Pierre Guglielmina Dans Les Disparus, Daniel Mendelsohn partait en qu\u00eate de l&#8217;histoire de sa famille ; avec L&#8217;\u00c9treinte fugitive, il s&#8217;est livr\u00e9 \u00e0 une qu\u00eate infiniment plus intime. De l&#8217;\u00e9criture rhapsodique et classique qui est la sienne, il fait revivre son enfance entre sa [&hellip;]<\/p>\n","protected":false},"author":1,"featured_media":0,"parent":6,"menu_order":0,"comment_status":"closed","ping_status":"open","template":"onecolumn-page.php","meta":{"footnotes":""},"class_list":["post-42","page","type-page","status-publish","hentry"],"_links":{"self":[{"href":"https:\/\/www.danielmendelsohn.com\/francaise\/wp-json\/wp\/v2\/pages\/42","targetHints":{"allow":["GET"]}}],"collection":[{"href":"https:\/\/www.danielmendelsohn.com\/francaise\/wp-json\/wp\/v2\/pages"}],"about":[{"href":"https:\/\/www.danielmendelsohn.com\/francaise\/wp-json\/wp\/v2\/types\/page"}],"author":[{"embeddable":true,"href":"https:\/\/www.danielmendelsohn.com\/francaise\/wp-json\/wp\/v2\/users\/1"}],"replies":[{"embeddable":true,"href":"https:\/\/www.danielmendelsohn.com\/francaise\/wp-json\/wp\/v2\/comments?post=42"}],"version-history":[{"count":25,"href":"https:\/\/www.danielmendelsohn.com\/francaise\/wp-json\/wp\/v2\/pages\/42\/revisions"}],"predecessor-version":[{"id":446,"href":"https:\/\/www.danielmendelsohn.com\/francaise\/wp-json\/wp\/v2\/pages\/42\/revisions\/446"}],"up":[{"embeddable":true,"href":"https:\/\/www.danielmendelsohn.com\/francaise\/wp-json\/wp\/v2\/pages\/6"}],"wp:attachment":[{"href":"https:\/\/www.danielmendelsohn.com\/francaise\/wp-json\/wp\/v2\/media?parent=42"}],"curies":[{"name":"wp","href":"https:\/\/api.w.org\/{rel}","templated":true}]}}